{"id":2264,"date":"2023-12-24T11:24:53","date_gmt":"2023-12-24T10:24:53","guid":{"rendered":"https:\/\/tsv-rosstal.de\/fussball\/?page_id=2264"},"modified":"2023-12-27T19:24:59","modified_gmt":"2023-12-27T18:24:59","slug":"werbemoeglichkeiten","status":"publish","type":"page","link":"https:\/\/tsv-rosstal.de\/fussball\/werbemoeglichkeiten\/","title":{"rendered":"Werbem\u00f6glichkeiten"},"content":{"rendered":"<p>Die Fu\u00dfballabteilung des TSV Ro\u00dftal bietet Ihnen u.a. folgende Werbem\u00f6glichkeiten:<\/p>\n<p><strong>&#8211; Banden- oder Bannerwerbung an der Sportmeile<\/strong><\/p>\n<p><strong>&#8211; Inserat im <a href=\"http:\/\/tsv-rosstal.de\/fussball\/meilensteine\/\">Meilenstein<\/a> (Sportplatzheft &#8211; erscheint zu jedem Heimspiel)<\/strong><\/p>\n<p><strong>&#8211; Textilwerbung auf Trikots, Trainingsanz\u00fcgen, etc.<\/strong><\/p>\n<p><!--\n<strong>2. <\/strong><strong>Werbung auf <a href=\"http:\/\/tsv-rosstal.de\/fussball\/wp-content\/uploads\/sites\/2\/2019\/09\/Spielank\u00fcndigung_Beispiel.png\" target=\"_blank\" rel=\"noopener noreferrer\">Spielank\u00fcndigungsplakat<\/a> (Aushang Plakatw\u00e4nde zu jedem Heimspiel)<\/strong>\n\n<strong>5. Werbung auf Sportbekleidung generell<\/strong>\n--><\/p>\n<p>Bei Interesse, nehmen Sie bitte Kontakt zu uns auf &#8211; mit Sicherheit finden wir in einem pers\u00f6nlichen Gespr\u00e4ch eine individuell zu Ihnen passende Werbem\u00f6glichkeit!<\/p>\n","protected":false},"excerpt":{"rendered":"<p>Die Fu\u00dfballabteilung des TSV Ro\u00dftal bietet Ihnen u.a. folgende Werbem\u00f6glichkeiten: &#8211; Banden- oder Bannerwerbung an der Sportmeile &#8211; Inserat im Meilenstein (Sportplatzheft &#8211; erscheint zu jedem Heimspiel) &#8211; Textilwerbung auf Trikots, Trainingsanz\u00fcgen, etc. Bei Interesse, nehmen Sie bitte Kontakt zu uns auf &#8211; mit Sicherheit finden wir in einem pers\u00f6nlichen Gespr\u00e4ch eine individuell zu Ihnen [&hellip;]<\/p>\n","protected":false},"author":7,"featured_media":0,"parent":0,"menu_order":0,"comment_status":"closed","ping_status":"closed","template":"","meta":{"ngg_post_thumbnail":0,"footnotes":""},"class_list":["post-2264","page","type-page","status-publish","hentry"],"_links":{"self":[{"href":"https:\/\/tsv-rosstal.de\/fussball\/wp-json\/wp\/v2\/pages\/2264","targetHints":{"allow":["GET"]}}],"collection":[{"href":"https:\/\/tsv-rosstal.de\/fussball\/wp-json\/wp\/v2\/pages"}],"about":[{"href":"https:\/\/tsv-rosstal.de\/fussball\/wp-json\/wp\/v2\/types\/page"}],"author":[{"embeddable":true,"href":"https:\/\/tsv-rosstal.de\/fussball\/wp-json\/wp\/v2\/users\/7"}],"replies":[{"embeddable":true,"href":"https:\/\/tsv-rosstal.de\/fussball\/wp-json\/wp\/v2\/comments?post=2264"}],"version-history":[{"count":5,"href":"https:\/\/tsv-rosstal.de\/fussball\/wp-json\/wp\/v2\/pages\/2264\/revisions"}],"predecessor-version":[{"id":2335,"href":"https:\/\/tsv-rosstal.de\/fussball\/wp-json\/wp\/v2\/pages\/2264\/revisions\/2335"}],"wp:attachment":[{"href":"https:\/\/tsv-rosstal.de\/fussball\/wp-json\/wp\/v2\/media?parent=2264"}],"curies":[{"name":"wp","href":"https:\/\/api.w.org\/{rel}","templated":true}]}}