{"id":11882,"date":"2019-11-20T13:56:05","date_gmt":"2019-11-20T12:56:05","guid":{"rendered":"https:\/\/tsv-rosstal.de\/handball\/?page_id=11882"},"modified":"2021-10-04T21:30:48","modified_gmt":"2021-10-04T19:30:48","slug":"foerderverein","status":"publish","type":"page","link":"https:\/\/tsv-rosstal.de\/handball\/foerderverein\/","title":{"rendered":"F\u00f6rderverein"},"content":{"rendered":"<p>Der Handball F\u00f6rderverein (in voller L\u00e4nge: \u201eVerein zur F\u00f6rderung der Handballabteilung des TSV Ro\u00dftal e.V.\u201c) hat sich zum Ziel gesetzt, den Handballsport in Ro\u00dftal in erster Linie finanziell zu<br \/>\nunterst\u00fctzen. Damit m\u00f6chten wir einen Beitrag zur erfolgreichen Entwicklung dieses Sports im TSV leisten. Seit vielen Jahrzehnten ist Handball in Ro\u00dftal ein sportliches Aush\u00e4ngeschild. Viele der Mannschaften spielen hochklassig und dies ist das Ergebnis von Leidenschaft und viel ehrenamtlichen Einsatz, mit dem die Handballabteilung betrieben wird. Dazu geh\u00f6rt insbesondere<br \/>\nauch eine umfassende und professionelle Kinder- und Jugendarbeit.<br \/>\nDas alles kostet viel Geld und an dieser Stelle m\u00f6chte der F\u00f6rderverein helfen. Da wir der Meinung sind, dass die Handballabteilung selbst am besten wei\u00df, an welcher Stelle Geld ben\u00f6tigt wird,<br \/>\nunterst\u00fctzt der F\u00f6rderverein im Wesentlichen keine einzelnen Projekte, sondern wir haben uns in unserer Satzung verpflichtet, den gr\u00f6\u00dften Teil unserer \u00dcbersch\u00fcsse j\u00e4hrlich an die Handballabteilung auszusch\u00fctten. Damit ist gew\u00e4hrleistet, dass das Geld dort landet, wo es hingeh\u00f6rt: bei den Handballern.<\/p>\n<p>Du m\u00f6chtest die Arbeit des F\u00f6rdervereins unterst\u00fctzen und F\u00f6rdermitglied werden?<br \/>\nSo einfach geht\u00b4s: <a href=\"https:\/\/tsv-rosstal.de\/handball\/wp-content\/uploads\/sites\/3\/2019\/11\/Mitgliedsantrag-F\u00f6rderverein-TSV-Handball.pdf\" target=\"_blank\" rel=\"noopener noreferrer\">Beitrittserkl\u00e4rung<\/a> downloaden, ausdrucken, ausf\u00fcllen unterschreiben. Dann einscannen und an den F\u00f6rderverein mailen oder per Post schicken oder an der Kasse bei den<br \/>\nHeimspielen der \u201eErschdn\u201c abgeben!<br \/>\nDu m\u00f6chtest die Arbeit des F\u00f6rdervereins unterst\u00fctzen und im F\u00f6rderverein mitarbeiten?<br \/>\nDein Ansprechpartner f\u00fcr den F\u00f6rderverein ist &nbsp;<b><a href=\"mailto:marcus.lizurek@gmx.de\">Marcus Lizurek<\/a><\/b>.&nbsp;<\/p>\n","protected":false},"excerpt":{"rendered":"<p>Der Handball F\u00f6rderverein (in voller L\u00e4nge: \u201eVerein zur F\u00f6rderung der Handballabteilung des TSV Ro\u00dftal e.V.\u201c) hat sich zum Ziel gesetzt, den Handballsport in Ro\u00dftal in erster Linie finanziell zu unterst\u00fctzen. Damit m\u00f6chten wir einen Beitrag zur erfolgreichen Entwicklung dieses Sports im TSV leisten. Seit vielen Jahrzehnten ist Handball in Ro\u00dftal ein sportliches Aush\u00e4ngeschild. Viele der [&hellip;]<\/p>\n","protected":false},"author":1,"featured_media":0,"parent":0,"menu_order":0,"comment_status":"closed","ping_status":"closed","template":"","meta":{"ngg_post_thumbnail":0,"footnotes":""},"class_list":["post-11882","page","type-page","status-publish","hentry"],"_links":{"self":[{"href":"https:\/\/tsv-rosstal.de\/handball\/wp-json\/wp\/v2\/pages\/11882","targetHints":{"allow":["GET"]}}],"collection":[{"href":"https:\/\/tsv-rosstal.de\/handball\/wp-json\/wp\/v2\/pages"}],"about":[{"href":"https:\/\/tsv-rosstal.de\/handball\/wp-json\/wp\/v2\/types\/page"}],"author":[{"embeddable":true,"href":"https:\/\/tsv-rosstal.de\/handball\/wp-json\/wp\/v2\/users\/1"}],"replies":[{"embeddable":true,"href":"https:\/\/tsv-rosstal.de\/handball\/wp-json\/wp\/v2\/comments?post=11882"}],"version-history":[{"count":3,"href":"https:\/\/tsv-rosstal.de\/handball\/wp-json\/wp\/v2\/pages\/11882\/revisions"}],"predecessor-version":[{"id":13760,"href":"https:\/\/tsv-rosstal.de\/handball\/wp-json\/wp\/v2\/pages\/11882\/revisions\/13760"}],"wp:attachment":[{"href":"https:\/\/tsv-rosstal.de\/handball\/wp-json\/wp\/v2\/media?parent=11882"}],"curies":[{"name":"wp","href":"https:\/\/api.w.org\/{rel}","templated":true}]}}