{"id":403,"date":"2025-10-26T07:55:31","date_gmt":"2025-10-26T06:55:31","guid":{"rendered":"https:\/\/tsv-rosstal.de\/judo\/?page_id=403"},"modified":"2025-10-26T07:55:31","modified_gmt":"2025-10-26T06:55:31","slug":"graduierungskosten","status":"publish","type":"page","link":"https:\/\/tsv-rosstal.de\/judo\/graduierungskosten\/","title":{"rendered":"Graduierungskosten"},"content":{"rendered":"<p><strong><u>Kosten Graduierung<\/u><\/strong><\/p>\n<p>wei\u00df-gelb:&nbsp;&nbsp;&nbsp;&nbsp; 45,00\u20ac&nbsp;&nbsp;&nbsp;&nbsp;&nbsp;&nbsp;&nbsp;&nbsp;&nbsp; (Pr\u00fcfungskosten, Judo-Pass, neuer G\u00fcrtel, Graduierungsbuch)<\/p>\n<p>ab gelb:&nbsp;&nbsp;&nbsp;&nbsp;&nbsp;&nbsp;&nbsp; 20,00\u20ac&nbsp;&nbsp;&nbsp;&nbsp;&nbsp;&nbsp;&nbsp;&nbsp;&nbsp; (Pr\u00fcfungskosten &amp; neuer G\u00fcrtel)<\/p>\n<p>Info:<br \/>\nDer Judo-Pass ist eine einmalige Anschaffung und ist Eigentum des Judokas. Im Judo-Pass werden die absolvierten G\u00fcrtelpr\u00fcfungen, besuchte Lehrg\u00e4nge und die teilgenommenen Wettk\u00e4mpfe eingetragen. Durch die Jahressichtmarken ist der Judo-Pass auch der Versicherungsnachweis des Judokas.<\/p>\n","protected":false},"excerpt":{"rendered":"<p>Kosten Graduierung wei\u00df-gelb:&nbsp;&nbsp;&nbsp;&nbsp; 45,00\u20ac&nbsp;&nbsp;&nbsp;&nbsp;&nbsp;&nbsp;&nbsp;&nbsp;&nbsp; (Pr\u00fcfungskosten, Judo-Pass, neuer G\u00fcrtel, Graduierungsbuch) ab gelb:&nbsp;&nbsp;&nbsp;&nbsp;&nbsp;&nbsp;&nbsp; 20,00\u20ac&nbsp;&nbsp;&nbsp;&nbsp;&nbsp;&nbsp;&nbsp;&nbsp;&nbsp; (Pr\u00fcfungskosten &amp; neuer G\u00fcrtel) Info: Der Judo-Pass ist eine einmalige Anschaffung und ist Eigentum des Judokas. Im Judo-Pass werden die absolvierten G\u00fcrtelpr\u00fcfungen, besuchte Lehrg\u00e4nge und die teilgenommenen Wettk\u00e4mpfe eingetragen. Durch die Jahressichtmarken ist der Judo-Pass auch der Versicherungsnachweis des Judokas.<\/p>\n","protected":false},"author":48,"featured_media":0,"parent":0,"menu_order":0,"comment_status":"closed","ping_status":"closed","template":"","meta":{"ngg_post_thumbnail":0,"footnotes":""},"class_list":["post-403","page","type-page","status-publish","hentry"],"_links":{"self":[{"href":"https:\/\/tsv-rosstal.de\/judo\/wp-json\/wp\/v2\/pages\/403","targetHints":{"allow":["GET"]}}],"collection":[{"href":"https:\/\/tsv-rosstal.de\/judo\/wp-json\/wp\/v2\/pages"}],"about":[{"href":"https:\/\/tsv-rosstal.de\/judo\/wp-json\/wp\/v2\/types\/page"}],"author":[{"embeddable":true,"href":"https:\/\/tsv-rosstal.de\/judo\/wp-json\/wp\/v2\/users\/48"}],"replies":[{"embeddable":true,"href":"https:\/\/tsv-rosstal.de\/judo\/wp-json\/wp\/v2\/comments?post=403"}],"version-history":[{"count":1,"href":"https:\/\/tsv-rosstal.de\/judo\/wp-json\/wp\/v2\/pages\/403\/revisions"}],"predecessor-version":[{"id":406,"href":"https:\/\/tsv-rosstal.de\/judo\/wp-json\/wp\/v2\/pages\/403\/revisions\/406"}],"wp:attachment":[{"href":"https:\/\/tsv-rosstal.de\/judo\/wp-json\/wp\/v2\/media?parent=403"}],"curies":[{"name":"wp","href":"https:\/\/api.w.org\/{rel}","templated":true}]}}